se -4*o - 13*o + 1190 = 0. Let v = -10 - -20. Calculate the greatest common divisor of o and v.
10
Let g = 1326 - 1319. Let w(s) = 13*s - 1. Let f be w(6). Calculate the highest common divisor of f and g.
7
Let n(l) = -l**2 + 26*l - 85. Let v be n(5). What is the highest common divisor of 1070 and v?
10
Suppose -5*j = -39 - 1. Let i be 1541/7 + -1*(-1)/(-7). Suppose -k = 4*p - 0*p - i, -3*p + 184 = -4*k. What is the highest common factor of j and p?
8
Let m = -1041 + 1061. What is the highest common factor of 580 and m?
20
Let k(j) = 11*j**3 - j**2 + j. Let c be k(1). Suppose -3*l = -4*f - 8 + 313, -f + 81 = 4*l. Calculate the highest common divisor of f and c.
11
Let w(v) = 44*v - 4. Let c be w(3). Let t(p) = -2*p**2 + 58*p + 92. Let y be t(30). What is the highest common divisor of y and c?
32
Suppose 22*x = 30*x - 176. Calculate the highest common divisor of x and 539.
11
Let w be (8/26)/(-2) - (-5238)/78. Suppose -3*o = 5*i - w + 21, -4*o + 40 = -4*i. What is the greatest common divisor of o and 12?
12
Suppose -3887 + 527 = -28*w. What is the highest common factor of w and 760?
40
Let y = 197 + 73. Suppose -13*b + y = -10*b. Calculate the highest common factor of b and 36.
18
Let d(w) = -34*w - 1 + 2 + 32*w + 4*w**2. Let p be d(2). What is the highest common factor of p and 13?
13
Suppose 5*g - 55 = v, g - 55 = -4*g - 3*v. Let o be (-11)/(7/(-28) - (-2)/16). What is the highest common divisor of o and g?
11
Let o be (15/10)/(9/1356). Let t = -151 + o. Let m(k) = 2*k + 5. Let h be m(5). Calculate the greatest common divisor of h and t.
15
Let w be (-28)/(-4)*((-384)/(-6) + 6). What is the highest common factor of 10 and w?
10
Suppose 0 = -s + 27 - 24. Suppose 5*y - 44 = -t, -s*t + 124 = 2*t + y. What is the highest common factor of t and 120?
24
Suppose 2*r - r - 7 = -2*s, -3*r - s + 1 = 0. Let h be 8 + -4 + -3 + 2 + r. What is the highest common factor of 2 and h?
2
Let y(w) = 2*w - 3. Let h be y(2). Let b(v) = 38*v**3 - 2*v**2 - 2*v + 3. Let t be b(h). Calculate the highest common factor of 111 and t.
37
Suppose -3*m + 351 = x, 0 = x - 4*x + 2*m + 1020. What is the greatest common divisor of x and 76?
38
Let h(i) = -10*i**3 - i**2 - i. Let q be h(-2). Suppose -4*r - q = 222. Let t = 124 + r. Calculate the greatest common divisor of t and 7.
7
Suppose -47*m = -50*m + 459. Calculate the greatest common divisor of 68 and m.
17
Suppose 38*d + 96 = 1464. What is the greatest common factor of d and 414?
18
Suppose 0 = 4*a - 5*q - 69, 0*a + a = -q + 15. Let o(n) = -n**3 - 3*n**2 - 44*n - 190. Let t be o(-5). Calculate the greatest common factor of t and a.
16
Let l(k) = -k - 1. Let z be l(-2). Suppose 3 + z = u. Suppose -4*n + 8*n - u = 0. What is the greatest common divisor of n and 10?
1
Suppose -51*b + 3401 = 35. What is the greatest common factor of 22 and b?
22
Let r(j) = -3*j + 87. Let k be r(5). What is the highest common factor of k and 16?
8
Let s(o) = -2*o**2 - 23*o + 10. Let c be s(-10). Calculate the greatest common factor of c and 32.
8
Let j = 131 - -209. What is the greatest common divisor of j and 20?
20
Suppose -2*h - 2*v = v - 765, 2*h - 5*v - 741 = 0. Let w = -59 + h. What is the highest common divisor of 29 and w?
29
Let z(d) = 58*d**2 + 70*d - 71. Let l be z(1). Calculate the greatest common factor of l and 380.
19
Suppose w = 2*w - 3. Suppose -o + 33 = 3*j, 7*o = w*o - 4*j + 148. What is the greatest common divisor of o and 312?
39
Let g be (-2)/4 + 82/4. Suppose 0 = 4*u + 12 - 64. Suppose 0 = -3*j + 17 + u. What is the highest common factor of g and j?
10
Let h = -148 + 208. Let q be 18/4*(-16)/(-3). Calculate the greatest common factor of q and h.
12
Suppose 0 = -27*t + 24*t + 3888. What is the highest common divisor of 48 and t?
48
Let j = -20 - -23. Let i = 105 + -72. What is the greatest common divisor of i and j?
3
Suppose 0 = -0*i + 4*i + 100. Let m = i + 35. Calculate the highest common divisor of 80 and m.
10
Suppose 8 = -0*x - 2*x, 0 = 2*c - x. Let v be c/3 - (-101)/3. Calculate the highest common divisor of 55 and v.
11
Suppose -40 = 4*i - 14*i. Suppose 3*h + 3 = 4*q - i, 2*h - 26 = -5*q. Calculate the greatest common factor of 28 and q.
4
Suppose -4*f - 5*t + 114 = 0, -2*t - 30 = -f + 5. Let a be (-4)/(1 - 5) + f. What is the highest common factor of a and 48?
16
Let p = -175 + 210. Let d = 75 + -340. Let f = 545 + d. What is the highest common divisor of f and p?
35
Let g(n) = -10*n + 59. Let x be (15/9)/(3/9). Let v be g(x). Calculate the highest common divisor of v and 6.
3
Suppose 0 = -0*l - 3*l + 372. Calculate the greatest common factor of l and 4.
4
Let d(j) = -j**2 - 2*j - 3. Let v be d(-6). Let n be 3*-5 + (60/(-5) - -10). Let f = n - v. What is the greatest common factor of f and 80?
10
Let o(b) = -3*b + 36. Let s be o(8). Suppose 25*j - 23*j = s. What is the greatest common factor of 14 and j?
2
Let w(d) = d**3 - 7*d**2 - 18*d + 4. Let j be w(9). Let x = j + -3. Calculate the highest common factor of 8 and x.
1
Let r be 3/(9/2)*(-420)/(-8). What is the highest common factor of 595 and r?
35
Let f be 8151/198 + (-51)/(-18) + -3. Calculate the greatest common factor of 492 and f.
41
Let p be (-2 + (-18)/15)*(-1 + -9). Let c be (-96)/(-1) - 0/2. Calculate the highest common divisor of c and p.
32
Let v be -3*3/18 - 71/(-2). Let w(z) = -6*z + z + 0 - 1. Let r be w(-3). Calculate the highest common divisor of r and v.
7
Let w(n) = 12 - 1 - 3 + 6*n + n**2. Suppose -3*l - 31 = -5*b, 8 = b + 3*l - 9. Let d be w(b). What is the highest common divisor of d and 30?
30
Let n = 476 + -278. Calculate the greatest common divisor of n and 22.
22
Suppose -2*s - 7 = 3*u, 0*s + u + 13 = 2*s. What is the highest common divisor of s and 324?
4
Let a be (-3)/3*-61 + 3. Let b(l) = 1. Let t(r) = -33*r - 1. Let m(w) = -4*b(w) + t(w). Let y be m(-5). What is the highest common divisor of y and a?
32
Let m(f) = -f + 0 + 3 + 22. Let s be m(10). What is the highest common factor of s and 3?
3
Suppose -2*a = -a - 3*m + 58, -2*m + 10 = 0. Let t = -28 - a. Let s = 104 - 74. What is the highest common divisor of t and s?
15
Let z be 1 - ((-15)/5)/3. Suppose -20 - 44 = -z*c. Calculate the greatest common factor of 4 and c.
4
Let h be (-3 + 48)*-195*(-3)/27. Calculate the greatest common factor of h and 65.
65
Let l(x) = x**2 - x + 45. Let p be l(9). Calculate the greatest common factor of 507 and p.
39
Suppose 4*o - 17 = 3*p, -5*p + 0*o - o - 59 = 0. Let b be -1*((p - 2) + 4). What is the highest common factor of b and 99?
9
Suppose 0 = b - 0*b + 4*r - 13, 0 = 5*b - 5*r - 90. Suppose 315 = b*q - 12*q. Calculate the highest common divisor of q and 7.
7
Let i = -36 + 87. Suppose 7*h - 5*l - 76 = 4*h, 4*h - 2*l - 78 = 0. What is the highest common divisor of h and i?
17
Suppose 3*a - 5 = -2*a. What is the greatest common factor of 55 and a?
1
Let a be (-3 - (-1 + -2))/2. Suppose -g + a*i - 87 = -i, -2*g = 2*i + 166. Let t = g - -149. What is the greatest common factor of t and 8?
8
Let w(b) = 15*b + 18. Let y be w(-4). Let v = y - -49. Calculate the highest common divisor of v and 70.
7
Let q = 31 + -26. Suppose -3*a + 62 = 4*h, 0 = -q*h + 29 - 4. Calculate the highest common factor of 21 and a.
7
Let q(g) = g**2 - 26*g - 352. Let a be q(38). Calculate the greatest common divisor of a and 533.
13
Suppose -4*t + 4*r + 484 = 0, 138*r = 134*r. Calculate the highest common factor of 66 and t.
11
Let a be (-14252)/(-18) + (-8)/(-36). Suppose 3*j = -j + a. Suppose 56*i - 66*i = -180. What is the highest common divisor of j and i?
18
Suppose -5*u + 29 - 19 = 0. Suppose 16 = 4*j, -380 = u*d - 6*d - 4*j. What is the highest common divisor of 13 and d?
13
Let h(d) = -4*d**3 + 3*d**2 - 8*d - 36. Let x be h(-8). Calculate the greatest common factor of x and 84.
84
Let d = -12 + -6. Let k = d + 23. Suppose -397 = -k*z - 2*m, 2*m - 69 = -z - m. Calculate the greatest common factor of 9 and z.
9
Let b(t) = 3*t - 22. Let u(y) = 17*y - 7. Let r be u(1). Let n be b(r). Calculate the highest common factor of 8 and n.
8
Let r be -2*14/4*65142/(-1617). Calculate the greatest common divisor of r and 4.
2
Let w be (3 - 9/6)/(6/56). What is the highest common divisor of 448 and w?
14
Let z be 1/(9/3777) + 20/(-12). Calculate the highest common factor of 19